{"id":2138,"date":"2025-06-03T18:16:15","date_gmt":"2025-06-03T16:16:15","guid":{"rendered":"https:\/\/contigo-deutschland.de\/?post_type=product&#038;p=2138"},"modified":"2025-06-03T18:26:30","modified_gmt":"2025-06-03T16:26:30","slug":"thermablock-tumbler","status":"publish","type":"product","link":"https:\/\/contigo-deutschland.de\/index.php\/product\/thermablock-tumbler\/","title":{"rendered":"Thermablock Tumbler"},"content":{"rendered":"<table width=\"605\">\n<tbody>\n<tr>\n<td style=\"font-weight: 400;\" width=\"605\">THERMALOCK\u2122 Tumbler<br \/>\nAuslaufsicher (in geschlossener Position)<br \/>\nTHERMALOCK\u2122 vakuumisolierter Edelstahl h\u00e4lt Getr\u00e4nke bis zu 29 Stunden kalt<br \/>\nTrinkhalmbecher &#8211; f\u00fcr einfaches Trinken zwischendurch<br \/>\nMultifunktionaler Deckel erm\u00f6glicht das Trinken mit oder ohne Trinkhalm<br \/>\nLeicht zu reinigen &#8211; Geh\u00e4use, Deckel und Strohhalm sind sp\u00fclmaschinenfest<br \/>\nPasst in die meisten Getr\u00e4nkehalter im Auto<br \/>\n1200 ml \/ 40 oz<br \/>\nBPA-frei<\/td>\n<\/tr>\n<\/tbody>\n<\/table>\n","protected":false},"excerpt":{"rendered":"<p>THERMALOCK\u2122 Tumbler Auslaufsicher (in geschlossener Position) THERMALOCK\u2122 vakuumisolierter Edelstahl h\u00e4lt Getr\u00e4nke bis zu 29 Stunden kalt Trinkhalmbecher &#8211; f\u00fcr einfaches<\/p>\n","protected":false},"featured_media":2147,"template":"","meta":[],"product_brand":[],"product_cat":[57],"product_tag":[],"class_list":{"0":"post-2138","1":"product","2":"type-product","3":"status-publish","4":"has-post-thumbnail","6":"product_cat-trinkflasche","8":"first","9":"instock","10":"shipping-taxable","11":"purchasable","12":"product-type-variable"},"jetpack_sharing_enabled":true,"_links":{"self":[{"href":"https:\/\/contigo-deutschland.de\/index.php\/wp-json\/wp\/v2\/product\/2138","targetHints":{"allow":["GET"]}}],"collection":[{"href":"https:\/\/contigo-deutschland.de\/index.php\/wp-json\/wp\/v2\/product"}],"about":[{"href":"https:\/\/contigo-deutschland.de\/index.php\/wp-json\/wp\/v2\/types\/product"}],"version-history":[{"count":1,"href":"https:\/\/contigo-deutschland.de\/index.php\/wp-json\/wp\/v2\/product\/2138\/revisions"}],"predecessor-version":[{"id":2148,"href":"https:\/\/contigo-deutschland.de\/index.php\/wp-json\/wp\/v2\/product\/2138\/revisions\/2148"}],"wp:featuredmedia":[{"embeddable":true,"href":"https:\/\/contigo-deutschland.de\/index.php\/wp-json\/wp\/v2\/media\/2147"}],"wp:attachment":[{"href":"https:\/\/contigo-deutschland.de\/index.php\/wp-json\/wp\/v2\/media?parent=2138"}],"wp:term":[{"taxonomy":"product_brand","embeddable":true,"href":"https:\/\/contigo-deutschland.de\/index.php\/wp-json\/wp\/v2\/product_brand?post=2138"},{"taxonomy":"product_cat","embeddable":true,"href":"https:\/\/contigo-deutschland.de\/index.php\/wp-json\/wp\/v2\/product_cat?post=2138"},{"taxonomy":"product_tag","embeddable":true,"href":"https:\/\/contigo-deutschland.de\/index.php\/wp-json\/wp\/v2\/product_tag?post=2138"}],"curies":[{"name":"wp","href":"https:\/\/api.w.org\/{rel}","templated":true}]}}