{"id":405,"date":"2023-06-15T12:33:10","date_gmt":"2023-06-15T12:33:10","guid":{"rendered":"https:\/\/dummy.xtemos.com\/woodmart2\/kids-elementor\/?page_id=14"},"modified":"2025-04-17T14:10:25","modified_gmt":"2025-04-17T12:10:25","slug":"about-us","status":"publish","type":"page","link":"https:\/\/contigo-deutschland.de\/index.php\/about-us\/","title":{"rendered":"About us"},"content":{"rendered":"\t\t<div data-elementor-type=\"wp-page\" data-elementor-id=\"405\" class=\"elementor elementor-405\">\n\t\t\t\t<div class=\"wd-negative-gap elementor-element elementor-element-6ee8122 e-flex e-con-boxed e-con e-parent\" data-id=\"6ee8122\" data-element_type=\"container\" data-e-type=\"container\">\n\t\t\t\t\t<div class=\"e-con-inner\">\n\t\t\t\t<div class=\"elementor-element elementor-element-2992cb4 elementor-widget elementor-widget-wd_text_block\" data-id=\"2992cb4\" data-element_type=\"widget\" data-e-type=\"widget\" data-widget_type=\"wd_text_block.default\">\n\t\t\t\t<div class=\"elementor-widget-container\">\n\t\t\t\t\t\t\t<div class=\"wd-text-block reset-last-child text-left\">\n\t\t\t\n\t\t\t<p><span style=\"color: #000000;\"><b>Individualisierte Thermobecher und Trinkflaschen f\u00fcr die Werbemittelindustrie\u00a0<\/b>\u00a0<\/span><\/p><p><span style=\"color: #000000;\">Professionelle Technik, intuitives Design und hochwertige Materialien. All diese Eigenschaften beschreiben die Qualit\u00e4t unserer Contigo-Produkte. Neben Funktionalit\u00e4t stehen Innovation und Klarheit an erster Stelle.\u00a0<\/span><\/p><p><span style=\"color: #000000;\">Keine ausgelaufenen Getr\u00e4nke mehr, keine Flecken auf Kleidung, keine durchn\u00e4ssten Schulb\u00fccher, keine besch\u00e4digten Ger\u00e4te. Die einzigartig entwickelten und patentierten Techniken f\u00fcr ein auslaufsicheres Produkt schaffen den Mehrwert.\u00a0<\/span><\/p><p><span style=\"color: #000000;\">In Verbindung mit einem bedruckten oder gravierten Unternehmenslogo sind unsere Produkte die optimalen Werbebotschafter f\u00fcr Firmen, die Langlebigkeit, Qualit\u00e4t und h\u00f6chste Anspr\u00fcche zu ihren Werten z\u00e4hlen.\u00a0\u00a0\u00a0<\/span><\/p><p><span style=\"color: #000000;\">Seit mehr als einem halben Jahrhundert versorgen wir als Gro\u00dfh\u00e4ndler die Werbemittelindustrie. Bisher galt unser Einsatz ausschlie\u00dflich Schreibger\u00e4ten, mittlerweile hat sich unser Portfolio auf Thermobecher und Trinkflaschen erweitert.\u00a0\u00a0<\/span><\/p><p><span style=\"color: #000000;\">Wir stehen in direktem Kontakt mit dem Hersteller und sind ein wichtiger Teil der Wertsch\u00f6pfungskette. Regelm\u00e4\u00dfige Schulungen und ein intensiver Austausch verschaffen uns ein breites Fachwissen und den n\u00f6tigen Blick f\u00fcrs Wesentliche.\u00a0<\/span><\/p><p><span style=\"color: #000000;\">Sie sind H\u00e4ndler oder Wiederverk\u00e4ufer und haben Interessen an unseren Produkten?\u00a0<br \/>Sprechen Sie uns an.\u00a0<\/span><\/p><p><span style=\"color: #000000;\">Sie sind ein gewerblicher Kunde und haben Interesse an gebrandeten Bechern und Flaschen?\u00a0<br \/>Sprechen Sie uns an.\u00a0<\/span><\/p><p><span style=\"color: #000000;\">Wir freuen uns auf Ihren Kontakt.\u00a0<\/span><\/p><p>\u00a0<\/p><p>\u00a0<\/p>\n\t\t\t\t\t<\/div>\n\t\t\t\t\t\t<\/div>\n\t\t\t\t<\/div>\n\t\t\t\t\t<\/div>\n\t\t\t\t<\/div>\n\t\t<div class=\"wd-negative-gap elementor-element elementor-element-bebdfc2 e-grid e-con-boxed e-con e-parent\" data-id=\"bebdfc2\" data-element_type=\"container\" data-e-type=\"container\">\n\t\t\t\t\t<div class=\"e-con-inner\">\n\t\t\t\t<div class=\"elementor-element elementor-element-8542d59 elementor-widget elementor-widget-wd_team_member\" data-id=\"8542d59\" data-element_type=\"widget\" data-e-type=\"widget\" data-widget_type=\"wd_team_member.default\">\n\t\t\t\t<div class=\"elementor-widget-container\">\n\t\t\t\t\t\t\t<div class=\"team-member member-layout-default text-left color-scheme-dark\">\n\t\t\t\t\t\t\t<div class=\"member-image-wrapper\">\n\t\t\t\t\t<div class=\"member-image\">\n\t\t\t\t\t\t<img loading=\"lazy\" decoding=\"async\" width=\"269\" height=\"300\" src=\"https:\/\/contigo-deutschland.de\/wp-content\/uploads\/2025\/04\/Fabienne-Care-269x300.webp\" class=\"attachment-medium size-medium\" alt=\"\" srcset=\"https:\/\/contigo-deutschland.de\/wp-content\/uploads\/2025\/04\/Fabienne-Care-269x300.webp 269w, https:\/\/contigo-deutschland.de\/wp-content\/uploads\/2025\/04\/Fabienne-Care-918x1024.webp 918w, https:\/\/contigo-deutschland.de\/wp-content\/uploads\/2025\/04\/Fabienne-Care-768x857.webp 768w, https:\/\/contigo-deutschland.de\/wp-content\/uploads\/2025\/04\/Fabienne-Care-150x167.webp 150w, https:\/\/contigo-deutschland.de\/wp-content\/uploads\/2025\/04\/Fabienne-Care.webp 1108w\" sizes=\"auto, (max-width: 269px) 100vw, 269px\" \/>\t\t\t\t\t<\/div>\n\t\t\t\t<\/div>\n\t\t\t\n\t\t\t<div class=\"member-details wd-set-mb reset-last-child\">\n\t\t\t\t\t\t\t\t\t<h4 class=\"member-name\">\n\t\t\t\t\t\tFabienne Car\u00e9\t\t\t\t\t<\/h4>\n\t\t\t\t\n\t\t\t\t\t\t\t\t\t<div class=\"member-position\">\n\t\t\t\t\t\tBeratung\t\t\t\t\t<\/div>\n\t\t\t\t\n\t\t\t\t\t\t\t\t\t<div class=\"member-bio\">\n\t\t\t\t\t\t<p><span style=\"color: #000000;\"><a style=\"color: #000000;\" href=\"mailto:info@contigo-deutschland.de\">info@contigo-deutschland.de<\/a>\u00a0<\/span><br \/><span style=\"font-weight: 400; color: #000000;\" data-contrast=\"auto\">+49 7531 457 178 0<\/span><\/p>\t\t\t\t\t<\/div>\n\t\t\t\t\n\t\t\t\t\t\t\t<\/div>\n\t\t<\/div>\n\t\t\t\t\t\t<\/div>\n\t\t\t\t<\/div>\n\t\t\t\t<div class=\"elementor-element elementor-element-83f1c37 elementor-widget elementor-widget-wd_team_member\" data-id=\"83f1c37\" data-element_type=\"widget\" data-e-type=\"widget\" data-widget_type=\"wd_team_member.default\">\n\t\t\t\t<div class=\"elementor-widget-container\">\n\t\t\t\t\t\t\t<div class=\"team-member member-layout-default text-left color-scheme-dark\">\n\t\t\t\t\t\t\t<div class=\"member-image-wrapper\">\n\t\t\t\t\t<div class=\"member-image\">\n\t\t\t\t\t\t<img loading=\"lazy\" decoding=\"async\" width=\"300\" height=\"300\" src=\"https:\/\/contigo-deutschland.de\/wp-content\/uploads\/2025\/04\/Barbara_Hauff-300x300.webp\" class=\"attachment-medium size-medium\" alt=\"\" srcset=\"https:\/\/contigo-deutschland.de\/wp-content\/uploads\/2025\/04\/Barbara_Hauff-300x300.webp 300w, https:\/\/contigo-deutschland.de\/wp-content\/uploads\/2025\/04\/Barbara_Hauff-150x150.webp 150w, https:\/\/contigo-deutschland.de\/wp-content\/uploads\/2025\/04\/Barbara_Hauff-600x600.webp 600w, https:\/\/contigo-deutschland.de\/wp-content\/uploads\/2025\/04\/Barbara_Hauff.webp 640w\" sizes=\"auto, (max-width: 300px) 100vw, 300px\" \/>\t\t\t\t\t<\/div>\n\t\t\t\t<\/div>\n\t\t\t\n\t\t\t<div class=\"member-details wd-set-mb reset-last-child\">\n\t\t\t\t\t\t\t\t\t<h4 class=\"member-name\">\n\t\t\t\t\t\tBarbara Hauff\t\t\t\t\t<\/h4>\n\t\t\t\t\n\t\t\t\t\t\t\t\t\t<div class=\"member-position\">\n\t\t\t\t\t\tBeratung\t\t\t\t\t<\/div>\n\t\t\t\t\n\t\t\t\t\t\t\t\t\t<div class=\"member-bio\">\n\t\t\t\t\t\t<p><span style=\"color: #000000;\"><a style=\"color: #000000;\" href=\"mailto:info@contigo-deutschland.de\">info@contigo-deutschland.de<\/a>\u00a0<\/span><br \/><span style=\"font-weight: 400; color: #000000;\" data-contrast=\"auto\">+49 7531 457 178 0<\/span><\/p>\t\t\t\t\t<\/div>\n\t\t\t\t\n\t\t\t\t\t\t\t<\/div>\n\t\t<\/div>\n\t\t\t\t\t\t<\/div>\n\t\t\t\t<\/div>\n\t\t\t\t\t<\/div>\n\t\t\t\t<\/div>\n\t\t\t\t<\/div>\n\t\t","protected":false},"excerpt":{"rendered":"<p>Individualisierte Thermobecher und Trinkflaschen f\u00fcr die Werbemittelindustrie\u00a0\u00a0 Professionelle Technik, intuitives Design und hochwertige Materialien. All diese Eigenschaften beschreiben die Qualit\u00e4t<\/p>\n","protected":false},"author":1,"featured_media":0,"parent":0,"menu_order":0,"comment_status":"closed","ping_status":"closed","template":"","meta":{"footnotes":""},"class_list":["post-405","page","type-page","status-publish","hentry"],"jetpack_sharing_enabled":true,"_links":{"self":[{"href":"https:\/\/contigo-deutschland.de\/index.php\/wp-json\/wp\/v2\/pages\/405","targetHints":{"allow":["GET"]}}],"collection":[{"href":"https:\/\/contigo-deutschland.de\/index.php\/wp-json\/wp\/v2\/pages"}],"about":[{"href":"https:\/\/contigo-deutschland.de\/index.php\/wp-json\/wp\/v2\/types\/page"}],"author":[{"embeddable":true,"href":"https:\/\/contigo-deutschland.de\/index.php\/wp-json\/wp\/v2\/users\/1"}],"replies":[{"embeddable":true,"href":"https:\/\/contigo-deutschland.de\/index.php\/wp-json\/wp\/v2\/comments?post=405"}],"version-history":[{"count":19,"href":"https:\/\/contigo-deutschland.de\/index.php\/wp-json\/wp\/v2\/pages\/405\/revisions"}],"predecessor-version":[{"id":2030,"href":"https:\/\/contigo-deutschland.de\/index.php\/wp-json\/wp\/v2\/pages\/405\/revisions\/2030"}],"wp:attachment":[{"href":"https:\/\/contigo-deutschland.de\/index.php\/wp-json\/wp\/v2\/media?parent=405"}],"curies":[{"name":"wp","href":"https:\/\/api.w.org\/{rel}","templated":true}]}}